{"id":73,"date":"2022-03-25T16:52:41","date_gmt":"2022-03-25T19:52:41","guid":{"rendered":"https:\/\/memolutas.univasf.edu.br\/?page_id=73"},"modified":"2022-04-28T16:36:47","modified_gmt":"2022-04-28T19:36:47","slug":"colaboradores","status":"publish","type":"page","link":"https:\/\/memolutas.univasf.edu.br\/index.php\/colaboradores\/","title":{"rendered":"Colaboradoras\/es"},"content":{"rendered":"<p align=\"justify\">A concep\u00e7\u00e3o deste site se deveu ao trabalho conjunto de Delcides Marques e Adalton Marques, se valendo centralmente da experi\u00eancia que o primeiro acumulou na constru\u00e7\u00e3o dos sites do <a href=\"https:\/\/krisis.univasf.edu.br\/\" target=\"_blank\" rel=\"noopener\">Krisis &#8211; Laborat\u00f3rio de Antropologia, Filosofia e Pol\u00edtica<\/a> e do <a href=\"https:\/\/cienciassociais.univasf.edu.br\/\" target=\"_blank\" rel=\"noopener\">Colegiado de Ci\u00eancias Sociais<\/a> da UNIVASF. Mas n\u00e3o teria sido poss\u00edvel sem as colabora\u00e7\u00f5es de parceiras\/os muito especiais. Guilherme Boldrin, parceiro de longa data, criador da logomarca e de alguns cartazes do canal <a href=\"https:\/\/www.youtube.com\/channel\/UCNqL1eYFj_BZnTVcFOhsYig\" target=\"_blank\" rel=\"noopener\">Confisca\u00e7\u00f5es e Lutas Anti-Confiscat\u00f3rias<\/a>, foi o respons\u00e1vel pela cria\u00e7\u00e3o das logomarcas do MemoLutas. Lizandra Martins, grande parceira desde a \u00e9poca em que Adalton presidiu a SindUnivasf \u2013 Se\u00e7\u00e3o Sindical dos Docentes da UNIVASF, disponibilizando suas fotografias para descrever (mais do que apenas ilustrar) uma s\u00e9rie de manifesta\u00e7\u00f5es pol\u00edticas ocorridas em Petrolina-PE e Juazeiro-BA, agora nos brinda com parte de seu acervo para formar nossa Galeria. Para o mesmo prop\u00f3sito, fomos brindados com parte do acervo fotogr\u00e1fico de J\u00fanior Barbosa, orientando de Delcides, graduando pelo Colegiado de Ci\u00eancias Sociais. Tamb\u00e9m n\u00e3o podemos deixar de agradecer \u00e0 <a href=\"https:\/\/cptjuazeiroba.blogspot.com\/\" target=\"_blank\" rel=\"noopener\">Comiss\u00e3o Pastoral da Terra de Juazeiro<\/a>, n\u00e3o s\u00f3 pela fotografia cedida para a capa do site do MemoLutas, mas tamb\u00e9m pelo apoio constante \u00e0s nossas demandas. Por fim, mas n\u00e3o menos importante, agradecemos \u00e0 Secretaria de Tecnologia da Informa\u00e7\u00e3o (STI\/UNIVASF) pela disponibilidade e prestatividade para nos dar suporte e dirimir nossas d\u00favidas t\u00e9cnicas.<\/p>\n<h2 style=\"text-align: center;\" align=\"justify\">Guilherme Ramos Boldrin<\/h2>\n<p><img decoding=\"async\" loading=\"lazy\" class=\"size-medium wp-image-381 aligncenter\" src=\"https:\/\/memolutas.univasf.edu.br\/wp-content\/uploads\/2022\/04\/Guilherme-223x300.jpg\" alt=\"\" width=\"223\" height=\"300\" srcset=\"https:\/\/memolutas.univasf.edu.br\/wp-content\/uploads\/2022\/04\/Guilherme-223x300.jpg 223w, https:\/\/memolutas.univasf.edu.br\/wp-content\/uploads\/2022\/04\/Guilherme-760x1024.jpg 760w, https:\/\/memolutas.univasf.edu.br\/wp-content\/uploads\/2022\/04\/Guilherme-768x1034.jpg 768w, https:\/\/memolutas.univasf.edu.br\/wp-content\/uploads\/2022\/04\/Guilherme-1140x1536.jpg 1140w, https:\/\/memolutas.univasf.edu.br\/wp-content\/uploads\/2022\/04\/Guilherme-1520x2048.jpg 1520w, https:\/\/memolutas.univasf.edu.br\/wp-content\/uploads\/2022\/04\/Guilherme-scaled.jpg 1901w\" sizes=\"(max-width: 223px) 100vw, 223px\" \/><\/p>\n<p align=\"justify\">Mestre em antropologia pela Universidade Federal de S\u00e3o Carlos (UFSCAR), graduado em Ci\u00eancias Sociais pela Universidade Federal de S\u00e3o Carlos (UFSCAR), graduando em Cinema pela Universidade Federal do Rec\u00f4ncavo da Bahia (UFRB). Pesquisou as rela\u00e7\u00f5es entre Travestis e Homossexuais em uma pris\u00e3o em Guarulhos &#8211; SP. Foi membro do HYBRIS &#8211; Grupo de Estudo e Pesquisa em Rela\u00e7\u00f5es de Poder, Conflitos e Socialidades (USP\/UFSCar) e participou do LEAP (Laborat\u00f3rio de Estudos sobre Agenciamentos Prisionais). Hoje, trabalha com design, m\u00fasica e escrita como um caminho para a express\u00e3o art\u00edstica e pretende se aventurar nas \u00e1reas de dire\u00e7\u00e3o e roteiro no cinema.<\/p>\n<h2 style=\"text-align: center;\" align=\"justify\">Lizandra Martins<\/h2>\n<p><img decoding=\"async\" loading=\"lazy\" class=\"size-medium wp-image-123 aligncenter\" src=\"https:\/\/memolutas.univasf.edu.br\/wp-content\/uploads\/2022\/03\/Lizandra-perfil--300x272.jpg\" alt=\"\" width=\"300\" height=\"272\" srcset=\"https:\/\/memolutas.univasf.edu.br\/wp-content\/uploads\/2022\/03\/Lizandra-perfil--300x272.jpg 300w, https:\/\/memolutas.univasf.edu.br\/wp-content\/uploads\/2022\/03\/Lizandra-perfil--1024x927.jpg 1024w, https:\/\/memolutas.univasf.edu.br\/wp-content\/uploads\/2022\/03\/Lizandra-perfil--768x695.jpg 768w, https:\/\/memolutas.univasf.edu.br\/wp-content\/uploads\/2022\/03\/Lizandra-perfil--1536x1391.jpg 1536w, https:\/\/memolutas.univasf.edu.br\/wp-content\/uploads\/2022\/03\/Lizandra-perfil-.jpg 2000w\" sizes=\"(max-width: 300px) 100vw, 300px\" \/><\/p>\n<p align=\"justify\">Fot\u00f3grafa, DJ, produtora cultural e pedagoga formada pela UNEB &#8211; Universidade do Estado da Bahia. Na sua jornada realizou a exposi\u00e7\u00e3o individual \u201cTravessia\u201d na Galeria de Artes Ana das Carrancas no SESC\/Petrolina (2016) e a Exposi\u00e7\u00e3o coletiva de Artes Visuais \u201cObscena\u201d no Espa\u00e7o Pot\u00f3\/Petrolina (2019). Coordenou e ministrou oficinas de fotografia em diversos projetos, entre eles, \u201cProjeto Bem Diverso\u201d (Sobradinho\/BA), \u201cSou Periferia\u201d (Petrolina\/PE) e de 2013 a 2018 realizou oficinas em escolas p\u00fablicas de Petrolina\/PE e Juazeiro\/BA. J\u00e1 teve publica\u00e7\u00f5es de suas fotografias em jornais e revistas. Al\u00e9m de ter realizado a cobertura de festivais do Sesc Petrolina: Aldeia do Velho Chico, Festival Vale Dan\u00e7ar, Mostra Le\u00e3o do Norte. E os festivais \u201cRaiz e Remix\u201d e \u201cVale Curtas\u201d. Realizou o Still dos curtas-metragens \u201cVelho Samba da Ilha\u201d e \u201cCadeira de Arruar\u201d (ambos de Chico Eg\u00eddio). Atualmente \u00e9 uma das coordenadoras do Espa\u00e7o Cultural Janela 353.<\/p>\n<p style=\"text-align: left;\"><strong>Instagram<\/strong>: <a href=\"https:\/\/www.instagram.com\/lizandramartins_\/\" target=\"_blank\" rel=\"noopener\">https:\/\/www.instagram.com\/lizandramartins_\/<\/a><\/p>\n<p>&nbsp;<\/p>\n<p>&nbsp;<\/p>\n","protected":false},"excerpt":{"rendered":"<p>A concep\u00e7\u00e3o deste site se deveu ao trabalho conjunto de Delcides Marques e Adalton Marques, se valendo centralmente da experi\u00eancia que o primeiro acumulou na constru\u00e7\u00e3o dos sites do Krisis &#8211; Laborat\u00f3rio de Antropologia, Filosofia e Pol\u00edtica e do Colegiado de Ci\u00eancias Sociais da UNIVASF. Mas n\u00e3o teria sido poss\u00edvel sem as colabora\u00e7\u00f5es de parceiras\/os &hellip; <\/p>\n<p class=\"link-more\"><a href=\"https:\/\/memolutas.univasf.edu.br\/index.php\/colaboradores\/\" class=\"more-link\">Continue lendo<span class=\"screen-reader-text\"> &#8220;Colaboradoras\/es&#8221;<\/span><\/a><\/p>\n","protected":false},"author":1,"featured_media":0,"parent":0,"menu_order":0,"comment_status":"closed","ping_status":"closed","template":"","meta":{"footnotes":""},"_links":{"self":[{"href":"https:\/\/memolutas.univasf.edu.br\/index.php\/wp-json\/wp\/v2\/pages\/73"}],"collection":[{"href":"https:\/\/memolutas.univasf.edu.br\/index.php\/wp-json\/wp\/v2\/pages"}],"about":[{"href":"https:\/\/memolutas.univasf.edu.br\/index.php\/wp-json\/wp\/v2\/types\/page"}],"author":[{"embeddable":true,"href":"https:\/\/memolutas.univasf.edu.br\/index.php\/wp-json\/wp\/v2\/users\/1"}],"replies":[{"embeddable":true,"href":"https:\/\/memolutas.univasf.edu.br\/index.php\/wp-json\/wp\/v2\/comments?post=73"}],"version-history":[{"count":15,"href":"https:\/\/memolutas.univasf.edu.br\/index.php\/wp-json\/wp\/v2\/pages\/73\/revisions"}],"predecessor-version":[{"id":383,"href":"https:\/\/memolutas.univasf.edu.br\/index.php\/wp-json\/wp\/v2\/pages\/73\/revisions\/383"}],"wp:attachment":[{"href":"https:\/\/memolutas.univasf.edu.br\/index.php\/wp-json\/wp\/v2\/media?parent=73"}],"curies":[{"name":"wp","href":"https:\/\/api.w.org\/{rel}","templated":true}]}}

<p align="justify">A concepção deste site se deveu ao trabalho conjunto de Delcides Marques e Adalton Marques, se valendo centralmente da experiência que o primeiro acumulou na construção dos sites do <a href="https://krisis.univasf.edu.br/" target="_blank" rel="noopener">Krisis &#8211; Laboratório de Antropologia, Filosofia e Política</a> e do <a href="https://cienciassociais.univasf.edu.br/" target="_blank" rel="noopener">Colegiado de Ciências Sociais</a> da UNIVASF. Mas não teria sido possível sem as colaborações de parceiras/os muito especiais. Guilherme Boldrin, parceiro de longa data, criador da logomarca e de alguns cartazes do canal <a href="https://www.youtube.com/channel/UCNqL1eYFj_BZnTVcFOhsYig" target="_blank" rel="noopener">Confiscações e Lutas Anti-Confiscatórias</a>, foi o responsável pela criação das logomarcas do MemoLutas. Lizandra Martins, grande parceira desde a época em que Adalton presidiu a SindUnivasf – Seção Sindical dos Docentes da UNIVASF, disponibilizando suas fotografias para descrever (mais do que apenas ilustrar) uma série de manifestações políticas ocorridas em Petrolina-PE e Juazeiro-BA, agora nos brinda com parte de seu acervo para formar nossa Galeria. Para o mesmo propósito, fomos brindados com parte do acervo fotográfico de Júnior Barbosa, orientando de Delcides, graduando pelo Colegiado de Ciências Sociais. Também não podemos deixar de agradecer à <a href="https://cptjuazeiroba.blogspot.com/" target="_blank" rel="noopener">Comissão Pastoral da Terra de Juazeiro</a>, não só pela fotografia cedida para a capa do site do MemoLutas, mas também pelo apoio constante às nossas demandas. Por fim, mas não menos importante, agradecemos à Secretaria de Tecnologia da Informação (STI/UNIVASF) pela disponibilidade e prestatividade para nos dar suporte e dirimir nossas dúvidas técnicas.</p>
<h2 style="text-align: center;" align="justify">Guilherme Ramos Boldrin</h2>
<p><img decoding="async" loading="lazy" class="size-medium wp-image-381 aligncenter" src="https://memolutas.univasf.edu.br/wp-content/uploads/2022/04/Guilherme-223x300.jpg" alt="" width="223" height="300" srcset="https://memolutas.univasf.edu.br/wp-content/uploads/2022/04/Guilherme-223x300.jpg 223w, https://memolutas.univasf.edu.br/wp-content/uploads/2022/04/Guilherme-760x1024.jpg 760w, https://memolutas.univasf.edu.br/wp-content/uploads/2022/04/Guilherme-768x1034.jpg 768w, https://memolutas.univasf.edu.br/wp-content/uploads/2022/04/Guilherme-1140x1536.jpg 1140w, https://memolutas.univasf.edu.br/wp-content/uploads/2022/04/Guilherme-1520x2048.jpg 1520w, https://memolutas.univasf.edu.br/wp-content/uploads/2022/04/Guilherme-scaled.jpg 1901w" sizes="(max-width: 223px) 100vw, 223px" /></p>
<p align="justify">Mestre em antropologia pela Universidade Federal de São Carlos (UFSCAR), graduado em Ciências Sociais pela Universidade Federal de São Carlos (UFSCAR), graduando em Cinema pela Universidade Federal do Recôncavo da Bahia (UFRB). Pesquisou as relações entre Travestis e Homossexuais em uma prisão em Guarulhos &#8211; SP. Foi membro do HYBRIS &#8211; Grupo de Estudo e Pesquisa em Relações de Poder, Conflitos e Socialidades (USP/UFSCar) e participou do LEAP (Laboratório de Estudos sobre Agenciamentos Prisionais). Hoje, trabalha com design, música e escrita como um caminho para a expressão artística e pretende se aventurar nas áreas de direção e roteiro no cinema.</p>
<h2 style="text-align: center;" align="justify">Lizandra Martins</h2>
<p><img decoding="async" loading="lazy" class="size-medium wp-image-123 aligncenter" src="https://memolutas.univasf.edu.br/wp-content/uploads/2022/03/Lizandra-perfil--300x272.jpg" alt="" width="300" height="272" srcset="https://memolutas.univasf.edu.br/wp-content/uploads/2022/03/Lizandra-perfil--300x272.jpg 300w, https://memolutas.univasf.edu.br/wp-content/uploads/2022/03/Lizandra-perfil--1024x927.jpg 1024w, https://memolutas.univasf.edu.br/wp-content/uploads/2022/03/Lizandra-perfil--768x695.jpg 768w, https://memolutas.univasf.edu.br/wp-content/uploads/2022/03/Lizandra-perfil--1536x1391.jpg 1536w, https://memolutas.univasf.edu.br/wp-content/uploads/2022/03/Lizandra-perfil-.jpg 2000w" sizes="(max-width: 300px) 100vw, 300px" /></p>
<p align="justify">Fotógrafa, DJ, produtora cultural e pedagoga formada pela UNEB &#8211; Universidade do Estado da Bahia. Na sua jornada realizou a exposição individual “Travessia” na Galeria de Artes Ana das Carrancas no SESC/Petrolina (2016) e a Exposição coletiva de Artes Visuais “Obscena” no Espaço Potó/Petrolina (2019). Coordenou e ministrou oficinas de fotografia em diversos projetos, entre eles, “Projeto Bem Diverso” (Sobradinho/BA), “Sou Periferia” (Petrolina/PE) e de 2013 a 2018 realizou oficinas em escolas públicas de Petrolina/PE e Juazeiro/BA. Já teve publicações de suas fotografias em jornais e revistas. Além de ter realizado a cobertura de festivais do Sesc Petrolina: Aldeia do Velho Chico, Festival Vale Dançar, Mostra Leão do Norte. E os festivais “Raiz e Remix” e “Vale Curtas”. Realizou o Still dos curtas-metragens “Velho Samba da Ilha” e “Cadeira de Arruar” (ambos de Chico Egídio). Atualmente é uma das coordenadoras do Espaço Cultural Janela 353.</p>
<p style="text-align: left;"><strong>Instagram</strong>: <a href="https://www.instagram.com/lizandramartins_/" target="_blank" rel="noopener">https://www.instagram.com/lizandramartins_/</a></p>
<p>&nbsp;</p>
<p>&nbsp;</p>

<p>A concepção deste site se deveu ao trabalho conjunto de Delcides Marques e Adalton Marques, se valendo centralmente da experiência que o primeiro acumulou na construção dos sites do Krisis &#8211; Laboratório de Antropologia, Filosofia e Política e do Colegiado de Ciências Sociais da UNIVASF. Mas não teria sido possível sem as colaborações de parceiras/os &hellip; </p>
<p class="link-more"><a href="https://memolutas.univasf.edu.br/index.php/colaboradores/" class="more-link">Continue lendo<span class="screen-reader-text"> &#8220;Colaboradoras/es&#8221;</span></a></p>
