{"id":36,"date":"2022-03-25T16:52:24","date_gmt":"2022-03-25T19:52:24","guid":{"rendered":"https:\/\/memolutas.univasf.edu.br\/?page_id=36"},"modified":"2022-04-03T19:44:12","modified_gmt":"2022-04-03T22:44:12","slug":"nucleo-tematico","status":"publish","type":"page","link":"https:\/\/memolutas.univasf.edu.br\/index.php\/nucleo-tematico\/","title":{"rendered":"N\u00facleo Tem\u00e1tico"},"content":{"rendered":"<p align=\"center\"><span style=\"font-size: large;\"><b>NT Mem\u00f3rias e lutas sociais no Vale do Subm\u00e9dio S\u00e3o Francisco<\/b><\/span><\/p>\n<p align=\"justify\">Os N\u00facleos Tem\u00e1ticos (NTs) s\u00e3o componentes curriculares obrigat\u00f3rios nos projetos pol\u00edtico-pedag\u00f3gicos dos cursos de gradua\u00e7\u00e3o da Universidade Federal do Vale do S\u00e3o Francisco (UNIVASF), com carga hor\u00e1ria m\u00ednima de 120 e m\u00e1xima de 240 horas semestrais. Conforme a <a href=\"https:\/\/portais.univasf.edu.br\/proen\/proen\/atos\/resolucoes\/resolucao-no-01-2014-normas-para-organizacao-e-funcionamento-dos-nucleos-tematicos.pdf\/view\" target=\"_blank\" rel=\"noopener\">Resolu\u00e7\u00e3o n\u00ba 01\/2014<\/a> da C\u00e2mara de Ensino, que estabelece suas normas de organiza\u00e7\u00e3o e funcionamento, assim como o Art. 39 do <a href=\"https:\/\/portais.univasf.edu.br\/arquivos-gerais\/base-juridica\/estatuto-univasf.pdf\/view\" target=\"_blank\" rel=\"noopener\">Estatuto da UNIVASF<\/a>, esses componentes devem ser necessariamente multidisciplinares e articular, de maneira indissoci\u00e1vel, ensino, pesquisa e extens\u00e3o.<\/p>\n<p align=\"justify\">Com base nesse desenho pol\u00edtico-pedag\u00f3gico e visando ampliar a oferta de NTs em nossa institui\u00e7\u00e3o, a proposta do N\u00facleo Tem\u00e1tico Mem\u00f3rias e lutas sociais no Vale do Subm\u00e9dio S\u00e3o Francisco foi submetida \u00e0 an\u00e1lise da C\u00e2mara de Ensino da UNIVASF no final de 2019 e aprovada para in\u00edcio de atividades no primeiro semestre de 2020. Todavia, em face da pandemia de COVID-19 e da suspens\u00e3o das aulas presenciais, s\u00f3 foi poss\u00edvel realizar a sua primeira oferta durante o semestre 2021-1 (ocorrido entre nov.\/2021 e abr.\/2022).<\/p>\n<p align=\"justify\">Com carga hor\u00e1ria de 120 horas semestrais, esse NT tem como objetivo principal engajar docentes e discentes de diferentes colegiados e cursos na tarefa te\u00f3rico-pol\u00edtica de construir um memorial das lutas sociais do Vale do Subm\u00e9dio S\u00e3o Francisco por meio da produ\u00e7\u00e3o de entrevistas com as pessoas diretamente ligadas a essas lutas, mas tamb\u00e9m de an\u00e1lises que tomem seus acontecimentos como base. A cada oferta a composi\u00e7\u00e3o docente varia conforme as disponibilidades das\/os nossas\/os parceiras\/os, mas sem perder o tra\u00e7ado interdisciplinar da proposta, que alia recursos te\u00f3rico-metodol\u00f3gicos de diversas \u00e1reas: Antropologia, Sociologia, Economia, Hist\u00f3ria Econ\u00f4mica, Demografia, Artes Visuais e Educa\u00e7\u00e3o, dentre outras.<\/p>\n<p align=\"justify\">Preocupadas\/os com as sobrecodifica\u00e7\u00f5es e com a indignidade de falar em nome dos outros, nossa tarefa \u00e0 frente deste NT n\u00e3o se resume a formar um acervo de saberes, mas a faz\u00ea-los circularem pelo meio de nossas mais bem acabadas formula\u00e7\u00f5es te\u00f3ricas, impondo a concretude de suas mem\u00f3rias de luta, de suas experi\u00eancias e estrat\u00e9gias, enfim, de seus conhecimentos acerca das pr\u00f3prias condi\u00e7\u00f5es de vida. Sob esse desafio, e inspirados pelo Programa de <a href=\"http:\/\/www.memov.com.br\" target=\"_blank\" rel=\"noopener\">Mem\u00f3ria dos Movimentos Sociais<\/a> da UFRJ, constru\u00edmos o <a href=\"http:\/\/memolutas.univasf.edu.br\" target=\"_blank\" rel=\"noopener\">MemoLutas \u2013 Vale do Subm\u00e9dio S\u00e3o Francisco<\/a>. Segundo nosso entendimento, esse acervo poder\u00e1 auxiliar e ampliar o alcance das demandas reclamadas pelas pessoas que comp\u00f5em esses movimentos sociais, na medida em que realiza um tipo de transforma\u00e7\u00e3o (biogr\u00e1fica e bibliogr\u00e1fica) em seus conte\u00fados capaz de lhes conferir reconhecimento institucional (educacional, universit\u00e1rio) sem capturar ou colonizar os meios aut\u00f4nomos pelos quais conduzem suas lutas.<\/p>\n","protected":false},"excerpt":{"rendered":"<p>NT Mem\u00f3rias e lutas sociais no Vale do Subm\u00e9dio S\u00e3o Francisco Os N\u00facleos Tem\u00e1ticos (NTs) s\u00e3o componentes curriculares obrigat\u00f3rios nos projetos pol\u00edtico-pedag\u00f3gicos dos cursos de gradua\u00e7\u00e3o da Universidade Federal do Vale do S\u00e3o Francisco (UNIVASF), com carga hor\u00e1ria m\u00ednima de 120 e m\u00e1xima de 240 horas semestrais. Conforme a Resolu\u00e7\u00e3o n\u00ba 01\/2014 da C\u00e2mara de &hellip; <\/p>\n<p class=\"link-more\"><a href=\"https:\/\/memolutas.univasf.edu.br\/index.php\/nucleo-tematico\/\" class=\"more-link\">Continue lendo<span class=\"screen-reader-text\"> &#8220;N\u00facleo Tem\u00e1tico&#8221;<\/span><\/a><\/p>\n","protected":false},"author":1,"featured_media":0,"parent":0,"menu_order":0,"comment_status":"closed","ping_status":"closed","template":"","meta":{"footnotes":""},"_links":{"self":[{"href":"https:\/\/memolutas.univasf.edu.br\/index.php\/wp-json\/wp\/v2\/pages\/36"}],"collection":[{"href":"https:\/\/memolutas.univasf.edu.br\/index.php\/wp-json\/wp\/v2\/pages"}],"about":[{"href":"https:\/\/memolutas.univasf.edu.br\/index.php\/wp-json\/wp\/v2\/types\/page"}],"author":[{"embeddable":true,"href":"https:\/\/memolutas.univasf.edu.br\/index.php\/wp-json\/wp\/v2\/users\/1"}],"replies":[{"embeddable":true,"href":"https:\/\/memolutas.univasf.edu.br\/index.php\/wp-json\/wp\/v2\/comments?post=36"}],"version-history":[{"count":6,"href":"https:\/\/memolutas.univasf.edu.br\/index.php\/wp-json\/wp\/v2\/pages\/36\/revisions"}],"predecessor-version":[{"id":291,"href":"https:\/\/memolutas.univasf.edu.br\/index.php\/wp-json\/wp\/v2\/pages\/36\/revisions\/291"}],"wp:attachment":[{"href":"https:\/\/memolutas.univasf.edu.br\/index.php\/wp-json\/wp\/v2\/media?parent=36"}],"curies":[{"name":"wp","href":"https:\/\/api.w.org\/{rel}","templated":true}]}}

Núcleo Temático

<p align="center"><span style="font-size: large;"><b>NT Memórias e lutas sociais no Vale do Submédio São Francisco</b></span></p>
<p align="justify">Os Núcleos Temáticos (NTs) são componentes curriculares obrigatórios nos projetos político-pedagógicos dos cursos de graduação da Universidade Federal do Vale do São Francisco (UNIVASF), com carga horária mínima de 120 e máxima de 240 horas semestrais. Conforme a <a href="https://portais.univasf.edu.br/proen/proen/atos/resolucoes/resolucao-no-01-2014-normas-para-organizacao-e-funcionamento-dos-nucleos-tematicos.pdf/view" target="_blank" rel="noopener">Resolução nº 01/2014</a> da Câmara de Ensino, que estabelece suas normas de organização e funcionamento, assim como o Art. 39 do <a href="https://portais.univasf.edu.br/arquivos-gerais/base-juridica/estatuto-univasf.pdf/view" target="_blank" rel="noopener">Estatuto da UNIVASF</a>, esses componentes devem ser necessariamente multidisciplinares e articular, de maneira indissociável, ensino, pesquisa e extensão.</p>
<p align="justify">Com base nesse desenho político-pedagógico e visando ampliar a oferta de NTs em nossa instituição, a proposta do Núcleo Temático Memórias e lutas sociais no Vale do Submédio São Francisco foi submetida à análise da Câmara de Ensino da UNIVASF no final de 2019 e aprovada para início de atividades no primeiro semestre de 2020. Todavia, em face da pandemia de COVID-19 e da suspensão das aulas presenciais, só foi possível realizar a sua primeira oferta durante o semestre 2021-1 (ocorrido entre nov./2021 e abr./2022).</p>
<p align="justify">Com carga horária de 120 horas semestrais, esse NT tem como objetivo principal engajar docentes e discentes de diferentes colegiados e cursos na tarefa teórico-política de construir um memorial das lutas sociais do Vale do Submédio São Francisco por meio da produção de entrevistas com as pessoas diretamente ligadas a essas lutas, mas também de análises que tomem seus acontecimentos como base. A cada oferta a composição docente varia conforme as disponibilidades das/os nossas/os parceiras/os, mas sem perder o traçado interdisciplinar da proposta, que alia recursos teórico-metodológicos de diversas áreas: Antropologia, Sociologia, Economia, História Econômica, Demografia, Artes Visuais e Educação, dentre outras.</p>
<p align="justify">Preocupadas/os com as sobrecodificações e com a indignidade de falar em nome dos outros, nossa tarefa à frente deste NT não se resume a formar um acervo de saberes, mas a fazê-los circularem pelo meio de nossas mais bem acabadas formulações teóricas, impondo a concretude de suas memórias de luta, de suas experiências e estratégias, enfim, de seus conhecimentos acerca das próprias condições de vida. Sob esse desafio, e inspirados pelo Programa de <a href="http://www.memov.com.br" target="_blank" rel="noopener">Memória dos Movimentos Sociais</a> da UFRJ, construímos o <a href="http://memolutas.univasf.edu.br" target="_blank" rel="noopener">MemoLutas – Vale do Submédio São Francisco</a>. Segundo nosso entendimento, esse acervo poderá auxiliar e ampliar o alcance das demandas reclamadas pelas pessoas que compõem esses movimentos sociais, na medida em que realiza um tipo de transformação (biográfica e bibliográfica) em seus conteúdos capaz de lhes conferir reconhecimento institucional (educacional, universitário) sem capturar ou colonizar os meios autônomos pelos quais conduzem suas lutas.</p>

<p>NT Memórias e lutas sociais no Vale do Submédio São Francisco Os Núcleos Temáticos (NTs) são componentes curriculares obrigatórios nos projetos político-pedagógicos dos cursos de graduação da Universidade Federal do Vale do São Francisco (UNIVASF), com carga horária mínima de 120 e máxima de 240 horas semestrais. Conforme a Resolução nº 01/2014 da Câmara de &hellip; </p>
<p class="link-more"><a href="https://memolutas.univasf.edu.br/index.php/nucleo-tematico/" class="more-link">Continue lendo<span class="screen-reader-text"> &#8220;Núcleo Temático&#8221;</span></a></p>
