{"id":33,"date":"2022-03-25T16:52:24","date_gmt":"2022-03-25T19:52:24","guid":{"rendered":"https:\/\/memolutas.univasf.edu.br\/?page_id=33"},"modified":"2022-04-19T19:51:50","modified_gmt":"2022-04-19T22:51:50","slug":"produtos","status":"publish","type":"page","link":"https:\/\/memolutas.univasf.edu.br\/index.php\/produtos\/","title":{"rendered":"Acervo"},"content":{"rendered":"<p align=\"justify\">O acervo do MemoLutas est\u00e1 organizado por grupos de trabalho que podem ser acessados pelo menu inicial (posicionando o cursor sobre o link Acervo) ou atrav\u00e9s da listagem abaixo. Entendemos que esses eixos tem\u00e1ticos fornecem uma experi\u00eancia de busca e pesquisa\u00a0<span style=\"font-size: 1rem;\">mais amig\u00e1vel <\/span><span style=\"font-size: 1rem;\">do que, por exemplo, divis\u00f5es por tipo de produ\u00e7\u00e3o (artigos, verbetes, entrevistas, <\/span><em style=\"font-size: 1rem;\">podcasts<\/em><span style=\"font-size: 1rem;\">, quadros quantitativos) ou por semestre de oferta do N\u00facleo Tem\u00e1tico:<\/span><\/p>\n<p align=\"justify\"><a href=\"https:\/\/memolutas.univasf.edu.br\/index.php\/produtos\/cultura-e-arte\/\" target=\"_blank\" rel=\"noopener\">Cultura e arte: concep\u00e7\u00f5es, pol\u00edticas e economia<\/a> (Janedalva Pontes Gondim e Leonardo Milanez de Lima Leandro)<\/p>\n<p align=\"justify\"><a href=\"https:\/\/memolutas.univasf.edu.br\/index.php\/experiencias-religiosas\/\" target=\"_blank\" rel=\"noopener\">Experi\u00eancias religiosas e lutas por direitos<\/a> (Delcides Marques)<\/p>\n<p align=\"justify\"><a href=\"https:\/\/memolutas.univasf.edu.br\/index.php\/historias-e-lutas-dos-movimentos-de-juventude\/\" target=\"_blank\" rel=\"noopener\">Hist\u00f3rias e lutas dos movimentos de juventude no Vale do Subm\u00e9dio S\u00e3o Francisco<\/a> (Paulo Jos\u00e9 Pereira)<\/p>\n<p align=\"justify\"><a href=\"https:\/\/memolutas.univasf.edu.br\/index.php\/projetos-de-modernizacao\/\" target=\"_blank\" rel=\"noopener\">Projetos de moderniza\u00e7\u00e3o e resist\u00eancias populares<\/a> (Adalton Marques)<\/p>\n","protected":false},"excerpt":{"rendered":"<p>O acervo do MemoLutas est\u00e1 organizado por grupos de trabalho que podem ser acessados pelo menu inicial (posicionando o cursor sobre o link Acervo) ou atrav\u00e9s da listagem abaixo. Entendemos que esses eixos tem\u00e1ticos fornecem uma experi\u00eancia de busca e pesquisa\u00a0mais amig\u00e1vel do que, por exemplo, divis\u00f5es por tipo de produ\u00e7\u00e3o (artigos, verbetes, entrevistas, podcasts, &hellip; <\/p>\n<p class=\"link-more\"><a href=\"https:\/\/memolutas.univasf.edu.br\/index.php\/produtos\/\" class=\"more-link\">Continue lendo<span class=\"screen-reader-text\"> &#8220;Acervo&#8221;<\/span><\/a><\/p>\n","protected":false},"author":1,"featured_media":0,"parent":0,"menu_order":0,"comment_status":"closed","ping_status":"closed","template":"","meta":{"footnotes":""},"_links":{"self":[{"href":"https:\/\/memolutas.univasf.edu.br\/index.php\/wp-json\/wp\/v2\/pages\/33"}],"collection":[{"href":"https:\/\/memolutas.univasf.edu.br\/index.php\/wp-json\/wp\/v2\/pages"}],"about":[{"href":"https:\/\/memolutas.univasf.edu.br\/index.php\/wp-json\/wp\/v2\/types\/page"}],"author":[{"embeddable":true,"href":"https:\/\/memolutas.univasf.edu.br\/index.php\/wp-json\/wp\/v2\/users\/1"}],"replies":[{"embeddable":true,"href":"https:\/\/memolutas.univasf.edu.br\/index.php\/wp-json\/wp\/v2\/comments?post=33"}],"version-history":[{"count":12,"href":"https:\/\/memolutas.univasf.edu.br\/index.php\/wp-json\/wp\/v2\/pages\/33\/revisions"}],"predecessor-version":[{"id":331,"href":"https:\/\/memolutas.univasf.edu.br\/index.php\/wp-json\/wp\/v2\/pages\/33\/revisions\/331"}],"wp:attachment":[{"href":"https:\/\/memolutas.univasf.edu.br\/index.php\/wp-json\/wp\/v2\/media?parent=33"}],"curies":[{"name":"wp","href":"https:\/\/api.w.org\/{rel}","templated":true}]}}

<p align="justify">O acervo do MemoLutas está organizado por grupos de trabalho que podem ser acessados pelo menu inicial (posicionando o cursor sobre o link Acervo) ou através da listagem abaixo. Entendemos que esses eixos temáticos fornecem uma experiência de busca e pesquisa <span style="font-size: 1rem;">mais amigável </span><span style="font-size: 1rem;">do que, por exemplo, divisões por tipo de produção (artigos, verbetes, entrevistas, </span><em style="font-size: 1rem;">podcasts</em><span style="font-size: 1rem;">, quadros quantitativos) ou por semestre de oferta do Núcleo Temático:</span></p>
<p align="justify"><a href="https://memolutas.univasf.edu.br/index.php/produtos/cultura-e-arte/" target="_blank" rel="noopener">Cultura e arte: concepções, políticas e economia</a> (Janedalva Pontes Gondim e Leonardo Milanez de Lima Leandro)</p>
<p align="justify"><a href="https://memolutas.univasf.edu.br/index.php/experiencias-religiosas/" target="_blank" rel="noopener">Experiências religiosas e lutas por direitos</a> (Delcides Marques)</p>
<p align="justify"><a href="https://memolutas.univasf.edu.br/index.php/historias-e-lutas-dos-movimentos-de-juventude/" target="_blank" rel="noopener">Histórias e lutas dos movimentos de juventude no Vale do Submédio São Francisco</a> (Paulo José Pereira)</p>
<p align="justify"><a href="https://memolutas.univasf.edu.br/index.php/projetos-de-modernizacao/" target="_blank" rel="noopener">Projetos de modernização e resistências populares</a> (Adalton Marques)</p>

<p>O acervo do MemoLutas está organizado por grupos de trabalho que podem ser acessados pelo menu inicial (posicionando o cursor sobre o link Acervo) ou através da listagem abaixo. Entendemos que esses eixos temáticos fornecem uma experiência de busca e pesquisa mais amigável do que, por exemplo, divisões por tipo de produção (artigos, verbetes, entrevistas, podcasts, &hellip; </p>
<p class="link-more"><a href="https://memolutas.univasf.edu.br/index.php/produtos/" class="more-link">Continue lendo<span class="screen-reader-text"> &#8220;Acervo&#8221;</span></a></p>
