{"id":327,"date":"2022-04-19T19:44:16","date_gmt":"2022-04-19T22:44:16","guid":{"rendered":"https:\/\/memolutas.univasf.edu.br\/?page_id=327"},"modified":"2022-04-26T11:36:05","modified_gmt":"2022-04-26T14:36:05","slug":"cultura-e-arte","status":"publish","type":"page","link":"https:\/\/memolutas.univasf.edu.br\/index.php\/produtos\/cultura-e-arte\/","title":{"rendered":"Cultura e arte: concep\u00e7\u00f5es, pol\u00edticas e economia (Janedalva Pontes Gondim e Leonardo Milanez de Lima Leandro)"},"content":{"rendered":"<p align=\"justify\">Considerando a cultura como parte importante no processo de socializa\u00e7\u00e3o da humanidade, pois \u00e9 fruto da cria\u00e7\u00e3o material e imaterial expressa nos modos\/regras de conviv\u00eancia, nas artes, nos saberes, etc., nos interessa em particular, estudar as articula\u00e7\u00f5es entre cultura e arte na vida social do Vale do S\u00e3o Francisco presentes nas concep\u00e7\u00f5es, na pol\u00edtica e na economia, a partir de tr\u00eas grandes tem\u00e1ticas: a) arte e artistas; b) formula\u00e7\u00e3o de pol\u00edticas culturais; c) a cultura tomada como objeto da economia. Com esses estudos pretendemos contribuir com o desenvolvimento de pesquisas acad\u00eamicas, de a\u00e7\u00f5es extensionistas e de ensino que ampliem as vis\u00f5es sobre cultura e arte na regi\u00e3o do Semi\u00e1rido.<\/p>\n<h2 style=\"text-align: center;\" align=\"justify\">Produ\u00e7\u00f5es relativas \u00e0 oferta 2021-1<\/h2>\n<p><a href=\"https:\/\/memolutas.univasf.edu.br\/wp-content\/uploads\/2022\/04\/Cena-cultural-em-Juazeiro-1970-2000.pdf\" target=\"_blank\" rel=\"noopener\">Artigo &#8211; Cena cultural em Juazeiro (1970-2000)<\/a><\/p>\n<p><a href=\"https:\/\/memolutas.univasf.edu.br\/wp-content\/uploads\/2022\/04\/Revista-As-Flores-do-Mal-Edicao-Especial.pdf\">Revista &#8211; As Flores do Mal (Edi\u00e7\u00e3o Especial)<\/a><\/p>\n<p><img decoding=\"async\" loading=\"lazy\" class=\"alignnone wp-image-370 size-medium\" src=\"https:\/\/memolutas.univasf.edu.br\/wp-content\/uploads\/2022\/04\/Capa-da-entrevista-com-Coelhao-300x300.jpeg\" alt=\"\" width=\"300\" height=\"300\" srcset=\"https:\/\/memolutas.univasf.edu.br\/wp-content\/uploads\/2022\/04\/Capa-da-entrevista-com-Coelhao-300x300.jpeg 300w, https:\/\/memolutas.univasf.edu.br\/wp-content\/uploads\/2022\/04\/Capa-da-entrevista-com-Coelhao-1020x1024.jpeg 1020w, https:\/\/memolutas.univasf.edu.br\/wp-content\/uploads\/2022\/04\/Capa-da-entrevista-com-Coelhao-150x150.jpeg 150w, https:\/\/memolutas.univasf.edu.br\/wp-content\/uploads\/2022\/04\/Capa-da-entrevista-com-Coelhao-768x771.jpeg 768w, https:\/\/memolutas.univasf.edu.br\/wp-content\/uploads\/2022\/04\/Capa-da-entrevista-com-Coelhao-100x100.jpeg 100w, https:\/\/memolutas.univasf.edu.br\/wp-content\/uploads\/2022\/04\/Capa-da-entrevista-com-Coelhao.jpeg 1060w\" sizes=\"(max-width: 300px) 100vw, 300px\" \/><\/p>\n<p><a href=\"https:\/\/open.spotify.com\/episode\/21LFBlUKQ9JE0kemEilszD?si=X2iq4HgtRxi9L_WVhPHycw&amp;utm_source=whatsapp&amp;nd=1\" target=\"_blank\" rel=\"noopener\">Entrevista com o artista Coelh\u00e3o, pelo Podcast Arte[info]co<\/a><\/p>\n","protected":false},"excerpt":{"rendered":"<p>Considerando a cultura como parte importante no processo de socializa\u00e7\u00e3o da humanidade, pois \u00e9 fruto da cria\u00e7\u00e3o material e imaterial expressa nos modos\/regras de conviv\u00eancia, nas artes, nos saberes, etc., nos interessa em particular, estudar as articula\u00e7\u00f5es entre cultura e arte na vida social do Vale do S\u00e3o Francisco presentes nas concep\u00e7\u00f5es, na pol\u00edtica e &hellip; <\/p>\n<p class=\"link-more\"><a href=\"https:\/\/memolutas.univasf.edu.br\/index.php\/produtos\/cultura-e-arte\/\" class=\"more-link\">Continue lendo<span class=\"screen-reader-text\"> &#8220;Cultura e arte: concep\u00e7\u00f5es, pol\u00edticas e economia (Janedalva Pontes Gondim e Leonardo Milanez de Lima Leandro)&#8221;<\/span><\/a><\/p>\n","protected":false},"author":1,"featured_media":0,"parent":33,"menu_order":0,"comment_status":"closed","ping_status":"closed","template":"","meta":{"footnotes":""},"_links":{"self":[{"href":"https:\/\/memolutas.univasf.edu.br\/index.php\/wp-json\/wp\/v2\/pages\/327"}],"collection":[{"href":"https:\/\/memolutas.univasf.edu.br\/index.php\/wp-json\/wp\/v2\/pages"}],"about":[{"href":"https:\/\/memolutas.univasf.edu.br\/index.php\/wp-json\/wp\/v2\/types\/page"}],"author":[{"embeddable":true,"href":"https:\/\/memolutas.univasf.edu.br\/index.php\/wp-json\/wp\/v2\/users\/1"}],"replies":[{"embeddable":true,"href":"https:\/\/memolutas.univasf.edu.br\/index.php\/wp-json\/wp\/v2\/comments?post=327"}],"version-history":[{"count":11,"href":"https:\/\/memolutas.univasf.edu.br\/index.php\/wp-json\/wp\/v2\/pages\/327\/revisions"}],"predecessor-version":[{"id":374,"href":"https:\/\/memolutas.univasf.edu.br\/index.php\/wp-json\/wp\/v2\/pages\/327\/revisions\/374"}],"up":[{"embeddable":true,"href":"https:\/\/memolutas.univasf.edu.br\/index.php\/wp-json\/wp\/v2\/pages\/33"}],"wp:attachment":[{"href":"https:\/\/memolutas.univasf.edu.br\/index.php\/wp-json\/wp\/v2\/media?parent=327"}],"curies":[{"name":"wp","href":"https:\/\/api.w.org\/{rel}","templated":true}]}}

Cultura e arte: concepções, políticas e economia (Janedalva Pontes Gondim e Leonardo Milanez de Lima Leandro)

<p align="justify">Considerando a cultura como parte importante no processo de socialização da humanidade, pois é fruto da criação material e imaterial expressa nos modos/regras de convivência, nas artes, nos saberes, etc., nos interessa em particular, estudar as articulações entre cultura e arte na vida social do Vale do São Francisco presentes nas concepções, na política e na economia, a partir de três grandes temáticas: a) arte e artistas; b) formulação de políticas culturais; c) a cultura tomada como objeto da economia. Com esses estudos pretendemos contribuir com o desenvolvimento de pesquisas acadêmicas, de ações extensionistas e de ensino que ampliem as visões sobre cultura e arte na região do Semiárido.</p>
<h2 style="text-align: center;" align="justify">Produções relativas à oferta 2021-1</h2>
<p><a href="https://memolutas.univasf.edu.br/wp-content/uploads/2022/04/Cena-cultural-em-Juazeiro-1970-2000.pdf" target="_blank" rel="noopener">Artigo &#8211; Cena cultural em Juazeiro (1970-2000)</a></p>
<p><a href="https://memolutas.univasf.edu.br/wp-content/uploads/2022/04/Revista-As-Flores-do-Mal-Edicao-Especial.pdf">Revista &#8211; As Flores do Mal (Edição Especial)</a></p>
<p><img decoding="async" loading="lazy" class="alignnone wp-image-370 size-medium" src="https://memolutas.univasf.edu.br/wp-content/uploads/2022/04/Capa-da-entrevista-com-Coelhao-300x300.jpeg" alt="" width="300" height="300" srcset="https://memolutas.univasf.edu.br/wp-content/uploads/2022/04/Capa-da-entrevista-com-Coelhao-300x300.jpeg 300w, https://memolutas.univasf.edu.br/wp-content/uploads/2022/04/Capa-da-entrevista-com-Coelhao-1020x1024.jpeg 1020w, https://memolutas.univasf.edu.br/wp-content/uploads/2022/04/Capa-da-entrevista-com-Coelhao-150x150.jpeg 150w, https://memolutas.univasf.edu.br/wp-content/uploads/2022/04/Capa-da-entrevista-com-Coelhao-768x771.jpeg 768w, https://memolutas.univasf.edu.br/wp-content/uploads/2022/04/Capa-da-entrevista-com-Coelhao-100x100.jpeg 100w, https://memolutas.univasf.edu.br/wp-content/uploads/2022/04/Capa-da-entrevista-com-Coelhao.jpeg 1060w" sizes="(max-width: 300px) 100vw, 300px" /></p>
<p><a href="https://open.spotify.com/episode/21LFBlUKQ9JE0kemEilszD?si=X2iq4HgtRxi9L_WVhPHycw&amp;utm_source=whatsapp&amp;nd=1" target="_blank" rel="noopener">Entrevista com o artista Coelhão, pelo Podcast Arte[info]co</a></p>

<p>Considerando a cultura como parte importante no processo de socialização da humanidade, pois é fruto da criação material e imaterial expressa nos modos/regras de convivência, nas artes, nos saberes, etc., nos interessa em particular, estudar as articulações entre cultura e arte na vida social do Vale do São Francisco presentes nas concepções, na política e &hellip; </p>
<p class="link-more"><a href="https://memolutas.univasf.edu.br/index.php/produtos/cultura-e-arte/" class="more-link">Continue lendo<span class="screen-reader-text"> &#8220;Cultura e arte: concepções, políticas e economia (Janedalva Pontes Gondim e Leonardo Milanez de Lima Leandro)&#8221;</span></a></p>
