{"id":32,"date":"2022-03-25T16:52:24","date_gmt":"2022-03-25T19:52:24","guid":{"rendered":"https:\/\/memolutas.univasf.edu.br\/?page_id=32"},"modified":"2022-04-03T19:36:43","modified_gmt":"2022-04-03T22:36:43","slug":"apresentacao","status":"publish","type":"page","link":"https:\/\/memolutas.univasf.edu.br\/","title":{"rendered":"Apresenta\u00e7\u00e3o"},"content":{"rendered":"\r\n<p style=\"text-align: center;\"><strong>MemoLutas \u2013 Vale do Subm\u00e9dio S\u00e3o Francisco<\/strong><\/p>\r\n\r\n<p align=\"justify\">O Memorial das lutas sociais do Vale do Subm\u00e9dio S\u00e3o Francisco foi constru\u00eddo com os objetivos combinados de abrigar entrevistas e an\u00e1lises produzidas pelos grupos de trabalho do <a href=\"https:\/\/memolutas.univasf.edu.br\/index.php\/nucleo-tematico\/\" target=\"_blank\" rel=\"noopener\">N\u00facleo Tem\u00e1tico Mem\u00f3rias e lutas sociais no Vale do Subm\u00e9dio S\u00e3o Francisco<\/a> e de auxiliar e ampliar o alcance das demandas reclamadas pelas pessoas que comp\u00f5em essas frentes de luta.<\/p>\r\n<p align=\"justify\">Esses objetivos nasceram da conflu\u00eancia de dois projetos de extens\u00e3o, que provocaram a urg\u00eancia do NT e do Memorial. O primeiro deles, Projeto nacional de forma\u00e7\u00e3o em educa\u00e7\u00e3o e diversidade camponesa, coordenado nacionalmente pelos professores Cl\u00e1udio Lopes Maia, Ismar da Silva Costa e Jadir de Morais Pessoa, todos da Universidade Federal de Goi\u00e1s (UFG), dirigido a agentes sociais que atuam em condi\u00e7\u00f5es de conflito agr\u00e1rio, foi executado no Polo Nordeste sob a coordena\u00e7\u00e3o regional de Marina Rocha Braga (CPT Juazeiro &#8211; Centro Norte Bahia), Maria Aparecida de Jesus Silva (CPT Senhor do Bonfim &#8211; Centro Norte da Bahia), Van\u00fabia Martins de Oliveira (CPT Campina Grande &#8211; Nordeste II) e Adalton Marques (Univasf). Dividido em quatro m\u00f3dulos \u2013 os tr\u00eas primeiros realizados no Espa\u00e7o Plural da UNIVASF e o \u00faltimo no Centro de Treinamento de L\u00edderes de Carna\u00edba do Sert\u00e3o, Diocese de Juazeiro\/BA \u2013, o curso de forma\u00e7\u00e3o totalizou 384hs de atividades entre julho de 2018 e novembro de 2019 e atendeu vinte e cinco alunas\/os provenientes de diferentes estados e cidades: Cear\u00e1 (Ocar\u00e1, Pacuj\u00e1 e Baturit\u00e9), Bahia (Irec\u00ea, Ibotirama, Juazeiro, Pirip\u00e1, Jacobina, Senhor do Bonfim e Itaet\u00ea), Piau\u00ed (Santo Ant\u00f4nio de Lisboa, Curral Novo, Barras, Cristino Castro, Sim\u00f5es, Porto e Uni\u00e3o), Pernambuco (Palmares e Tracunha\u00e9n), Rio Grande do Norte (Mossor\u00f3), Para\u00edba (Alagoinha) e Alagoas (Macei\u00f3). O Polo Nordeste contou com a atua\u00e7\u00e3o de professoras\/es e profissionais provenientes de diferentes regi\u00f5es e institui\u00e7\u00f5es: UFF, Unicamp, UFPE, UFBA, UFRB, UNEB (Senhor do Bonfim), IF-Sert\u00e3o (Petrolina), CAR-BA (Pr\u00f3-Semi\u00e1rido), al\u00e9m da UNIVASF, interseccionando saberes de diversas \u00e1reas: Antropologia, Geografia, Hist\u00f3ria, Teologia, Sociologia, Direito, Psicologia, Ci\u00eancia Pol\u00edtica e Educa\u00e7\u00e3o.<\/p>\r\n<p align=\"justify\">O segundo projeto de extens\u00e3o, Sindicalismo no Brasil: correntes e express\u00f5es na Educa\u00e7\u00e3o, coordenado pelo Prof. Herlon Alves Bezerra (IF Sert\u00e3o-PE &#8211; Campus Petrolina), que estruturou o curso de extens\u00e3o Semin\u00e1rios de Forma\u00e7\u00e3o Sindical no Sert\u00e3o PE\/BA \u2013 Sindicalismo no Brasil: hist\u00f3ria e desafios, ofereceu 80 horas de forma\u00e7\u00e3o em entidades sindicais de Petrolina e de Juazeiro e deu ensejo \u00e0 forma\u00e7\u00e3o do F\u00f3rum de Forma\u00e7\u00e3o Sindical do Sert\u00e3o PE\/BA, composto por uma s\u00e9rie de entidades: SINASEFE IF SERT\u00c3O-PE (Sindicato Nacional dos Servidores Federais da Educa\u00e7\u00e3o B\u00e1sica, Profissional e Tecnol\u00f3gica), SINTEPE (Sindicato dos Trabalhadores em Educa\u00e7\u00e3o de Pernambuco), SINDUNIVASF (Se\u00e7\u00e3o Sindical dos Docentes da UNIVASF), SINPRO (Sindicato dos Professores do Estado de Pernambuco), SINDAE (Sindicato dos Trabalhadores em \u00c1gua, Esgoto e Meio Ambiente no Estado da Bahia) e UNEGRO\/BA (Uni\u00e3o de Negros pela Igualdade), al\u00e9m de militantes do pr\u00f3prio F\u00f3rum. Os encontros ocorreram no SINTEPE, na APLB (Sindicato dos Trabalhadores em Educa\u00e7\u00e3o das Redes P\u00fablicas Estadual e Municipais do Ensino Pr\u00e9-Escola, Fundamental e M\u00e9dio do Estado da Bahia), no STTAR (Sindicato dos Trabalhadores e Trabalhadoras Rurais de Petrolina) e no STR-Juazeiro (Sindicato dos Trabalhadores Rurais de Juazeiro). Esse projeto marcou uma coopera\u00e7\u00e3o produtiva entre o HABITUS \u2013 Grupo de Estudos e Pesquisas em Educa\u00e7\u00e3o, Cultura e Pol\u00edtica (IF Sert\u00e3o-PE), coordenado pelo Prof. Herlon, e o Krisis \u2013 Laborat\u00f3rio de Antropologia, Filosofia e Pol\u00edtica (UNIVASF), \u00e0 \u00e9poca coordenado por Adalton Marques.<\/p>\r\n<p align=\"justify\">Desses dois projetos, que abrigaram uma s\u00e9rie de narrativas de lutas por terra e pela Terra (na medida em que op\u00f5em-se ao desenvolvimentismo irrespons\u00e1vel), por direitos (e pelo alargamento da no\u00e7\u00e3o de cidadania), trabalho (mas n\u00e3o o trabalho precarizado que forma o novo <em>precariado<\/em> urbano), inclus\u00e3o (mas n\u00e3o a inclus\u00e3o pela d\u00edvida), participa\u00e7\u00e3o pol\u00edtica (mas n\u00e3o por delega\u00e7\u00e3o passiva) e tamb\u00e9m pela ressignifica\u00e7\u00e3o de valores que normalizam nossas vidas (definindo a fronteira entre o normal e o desviante), surgiu a necessidade de se produzir uma esp\u00e9cie de morada para tantas mem\u00f3rias combativas: um memorial pluralista das lutas e reivindica\u00e7\u00f5es que ajudam a contar a hist\u00f3ria do Vale do Subm\u00e9dio S\u00e3o Francisco.<\/p>\r\n<p align=\"justify\"><strong>Foto de capa<\/strong>: Assembleia de trabalhadores no Centro de Treinamento de L\u00edderes de Carna\u00edba do Sert\u00e3o &#8211; Diocese de Juazeiro-BA, 1990. Arquivo CPT Juazeiro.<\/p>","protected":false},"excerpt":{"rendered":"<p>MemoLutas \u2013 Vale do Subm\u00e9dio S\u00e3o Francisco O Memorial das lutas sociais do Vale do Subm\u00e9dio S\u00e3o Francisco foi constru\u00eddo com os objetivos combinados de abrigar entrevistas e an\u00e1lises produzidas pelos grupos de trabalho do N\u00facleo Tem\u00e1tico Mem\u00f3rias e lutas sociais no Vale do Subm\u00e9dio S\u00e3o Francisco e de auxiliar e ampliar o alcance das &hellip; <\/p>\n<p class=\"link-more\"><a href=\"https:\/\/memolutas.univasf.edu.br\/\" class=\"more-link\">Continue lendo<span class=\"screen-reader-text\"> &#8220;Apresenta\u00e7\u00e3o&#8221;<\/span><\/a><\/p>\n","protected":false},"author":1,"featured_media":0,"parent":0,"menu_order":0,"comment_status":"closed","ping_status":"closed","template":"","meta":{"footnotes":""},"_links":{"self":[{"href":"https:\/\/memolutas.univasf.edu.br\/index.php\/wp-json\/wp\/v2\/pages\/32"}],"collection":[{"href":"https:\/\/memolutas.univasf.edu.br\/index.php\/wp-json\/wp\/v2\/pages"}],"about":[{"href":"https:\/\/memolutas.univasf.edu.br\/index.php\/wp-json\/wp\/v2\/types\/page"}],"author":[{"embeddable":true,"href":"https:\/\/memolutas.univasf.edu.br\/index.php\/wp-json\/wp\/v2\/users\/1"}],"replies":[{"embeddable":true,"href":"https:\/\/memolutas.univasf.edu.br\/index.php\/wp-json\/wp\/v2\/comments?post=32"}],"version-history":[{"count":15,"href":"https:\/\/memolutas.univasf.edu.br\/index.php\/wp-json\/wp\/v2\/pages\/32\/revisions"}],"predecessor-version":[{"id":290,"href":"https:\/\/memolutas.univasf.edu.br\/index.php\/wp-json\/wp\/v2\/pages\/32\/revisions\/290"}],"wp:attachment":[{"href":"https:\/\/memolutas.univasf.edu.br\/index.php\/wp-json\/wp\/v2\/media?parent=32"}],"curies":[{"name":"wp","href":"https:\/\/api.w.org\/{rel}","templated":true}]}}

Apresentação

<p style="text-align: center;"><strong>MemoLutas – Vale do Submédio São Francisco</strong></p>

<p align="justify">O Memorial das lutas sociais do Vale do Submédio São Francisco foi construído com os objetivos combinados de abrigar entrevistas e análises produzidas pelos grupos de trabalho do <a href="https://memolutas.univasf.edu.br/index.php/nucleo-tematico/" target="_blank" rel="noopener">Núcleo Temático Memórias e lutas sociais no Vale do Submédio São Francisco</a> e de auxiliar e ampliar o alcance das demandas reclamadas pelas pessoas que compõem essas frentes de luta.</p>
<p align="justify">Esses objetivos nasceram da confluência de dois projetos de extensão, que provocaram a urgência do NT e do Memorial. O primeiro deles, Projeto nacional de formação em educação e diversidade camponesa, coordenado nacionalmente pelos professores Cláudio Lopes Maia, Ismar da Silva Costa e Jadir de Morais Pessoa, todos da Universidade Federal de Goiás (UFG), dirigido a agentes sociais que atuam em condições de conflito agrário, foi executado no Polo Nordeste sob a coordenação regional de Marina Rocha Braga (CPT Juazeiro &#8211; Centro Norte Bahia), Maria Aparecida de Jesus Silva (CPT Senhor do Bonfim &#8211; Centro Norte da Bahia), Vanúbia Martins de Oliveira (CPT Campina Grande &#8211; Nordeste II) e Adalton Marques (Univasf). Dividido em quatro módulos – os três primeiros realizados no Espaço Plural da UNIVASF e o último no Centro de Treinamento de Líderes de Carnaíba do Sertão, Diocese de Juazeiro/BA –, o curso de formação totalizou 384hs de atividades entre julho de 2018 e novembro de 2019 e atendeu vinte e cinco alunas/os provenientes de diferentes estados e cidades: Ceará (Ocará, Pacujá e Baturité), Bahia (Irecê, Ibotirama, Juazeiro, Piripá, Jacobina, Senhor do Bonfim e Itaetê), Piauí (Santo Antônio de Lisboa, Curral Novo, Barras, Cristino Castro, Simões, Porto e União), Pernambuco (Palmares e Tracunhaén), Rio Grande do Norte (Mossoró), Paraíba (Alagoinha) e Alagoas (Maceió). O Polo Nordeste contou com a atuação de professoras/es e profissionais provenientes de diferentes regiões e instituições: UFF, Unicamp, UFPE, UFBA, UFRB, UNEB (Senhor do Bonfim), IF-Sertão (Petrolina), CAR-BA (Pró-Semiárido), além da UNIVASF, interseccionando saberes de diversas áreas: Antropologia, Geografia, História, Teologia, Sociologia, Direito, Psicologia, Ciência Política e Educação.</p>
<p align="justify">O segundo projeto de extensão, Sindicalismo no Brasil: correntes e expressões na Educação, coordenado pelo Prof. Herlon Alves Bezerra (IF Sertão-PE &#8211; Campus Petrolina), que estruturou o curso de extensão Seminários de Formação Sindical no Sertão PE/BA – Sindicalismo no Brasil: história e desafios, ofereceu 80 horas de formação em entidades sindicais de Petrolina e de Juazeiro e deu ensejo à formação do Fórum de Formação Sindical do Sertão PE/BA, composto por uma série de entidades: SINASEFE IF SERTÃO-PE (Sindicato Nacional dos Servidores Federais da Educação Básica, Profissional e Tecnológica), SINTEPE (Sindicato dos Trabalhadores em Educação de Pernambuco), SINDUNIVASF (Seção Sindical dos Docentes da UNIVASF), SINPRO (Sindicato dos Professores do Estado de Pernambuco), SINDAE (Sindicato dos Trabalhadores em Água, Esgoto e Meio Ambiente no Estado da Bahia) e UNEGRO/BA (União de Negros pela Igualdade), além de militantes do próprio Fórum. Os encontros ocorreram no SINTEPE, na APLB (Sindicato dos Trabalhadores em Educação das Redes Públicas Estadual e Municipais do Ensino Pré-Escola, Fundamental e Médio do Estado da Bahia), no STTAR (Sindicato dos Trabalhadores e Trabalhadoras Rurais de Petrolina) e no STR-Juazeiro (Sindicato dos Trabalhadores Rurais de Juazeiro). Esse projeto marcou uma cooperação produtiva entre o HABITUS – Grupo de Estudos e Pesquisas em Educação, Cultura e Política (IF Sertão-PE), coordenado pelo Prof. Herlon, e o Krisis – Laboratório de Antropologia, Filosofia e Política (UNIVASF), à época coordenado por Adalton Marques.</p>
<p align="justify">Desses dois projetos, que abrigaram uma série de narrativas de lutas por terra e pela Terra (na medida em que opõem-se ao desenvolvimentismo irresponsável), por direitos (e pelo alargamento da noção de cidadania), trabalho (mas não o trabalho precarizado que forma o novo <em>precariado</em> urbano), inclusão (mas não a inclusão pela dívida), participação política (mas não por delegação passiva) e também pela ressignificação de valores que normalizam nossas vidas (definindo a fronteira entre o normal e o desviante), surgiu a necessidade de se produzir uma espécie de morada para tantas memórias combativas: um memorial pluralista das lutas e reivindicações que ajudam a contar a história do Vale do Submédio São Francisco.</p>
<p align="justify"><strong>Foto de capa</strong>: Assembleia de trabalhadores no Centro de Treinamento de Líderes de Carnaíba do Sertão &#8211; Diocese de Juazeiro-BA, 1990. Arquivo CPT Juazeiro.</p>

<p>MemoLutas – Vale do Submédio São Francisco O Memorial das lutas sociais do Vale do Submédio São Francisco foi construído com os objetivos combinados de abrigar entrevistas e análises produzidas pelos grupos de trabalho do Núcleo Temático Memórias e lutas sociais no Vale do Submédio São Francisco e de auxiliar e ampliar o alcance das &hellip; </p>
<p class="link-more"><a href="https://memolutas.univasf.edu.br/" class="more-link">Continue lendo<span class="screen-reader-text"> &#8220;Apresentação&#8221;</span></a></p>
