{"id":234,"date":"2022-04-01T19:34:31","date_gmt":"2022-04-01T22:34:31","guid":{"rendered":"https:\/\/memolutas.univasf.edu.br\/?page_id=234"},"modified":"2022-05-05T22:47:47","modified_gmt":"2022-05-06T01:47:47","slug":"experiencias-religiosas","status":"publish","type":"page","link":"https:\/\/memolutas.univasf.edu.br\/index.php\/experiencias-religiosas\/","title":{"rendered":"Experi\u00eancias religiosas e lutas por direitos (Delcides Marques)"},"content":{"rendered":"<p align=\"justify\">No contexto de nossos interesses, pretendemos abordar exemplos de f\u00e9 que tenham fomentado e potencializado lutas contra todas as formas de opress\u00e3o. Na contram\u00e3o de explica\u00e7\u00f5es que reduzem as experi\u00eancias religiosas \u00e0 in\u00e9rcia pol\u00edtica, \u00e0 interioridade pessoal, \u00e0 escassez cr\u00edtica e \u00e0 obsolesc\u00eancia dogm\u00e1tica, vamos priorizar mem\u00f3rias, fotografias, documentos, literatura e quaisquer materiais que permitam acessar articula\u00e7\u00f5es entre a f\u00e9 e a luta por direitos (moradia, trabalho, educa\u00e7\u00e3o, conviv\u00eancia, ra\u00e7a, cultura, terra, g\u00eanero, identidade etc.). Como pretendemos colaborar com a produ\u00e7\u00e3o de uma cartografia que contemple o encadeamento entre religi\u00e3o e enfrentamento no Vale do Subm\u00e9dio S\u00e3o Francisco, \u00e9 preciso indicar os recortes tem\u00e1ticos priorit\u00e1rios, que est\u00e3o organizados em quatro objetivos: (1) abordar os impactos da teologia da liberta\u00e7\u00e3o e do bispado de Dom Jos\u00e9 Rodrigues a partir de 1975, em Juazeiro-BA; (2) inventariar viv\u00eancias protestantes de combate \u00e0s sujei\u00e7\u00f5es extenuantes &#8211; viv\u00eancias comumente invisibilizadas, devido ao destaque dado aos casos negativos que parecem predominar; (3) analisar experi\u00eancias e debates sobre toler\u00e2ncia e intoler\u00e2ncia no Vale, o que permite rediscutir criticamente no\u00e7\u00f5es como fundamentalismo, di\u00e1logo inter-religioso, viol\u00eancia, fanatismo e respeito; e (4) compreender as estrat\u00e9gias de resist\u00eancia, insist\u00eancia e sobreviv\u00eancia das religi\u00f5es afro-brasileiras diante de persegui\u00e7\u00f5es e preconceitos sofridos (ontem e hoje). Considerando os desdobramentos de nossas tem\u00e1ticas e produ\u00e7\u00f5es em termos de pesquisa acad\u00eamica e extens\u00e3o universit\u00e1ria, esperamos contribuir para a constitui\u00e7\u00e3o de um acervo que ofere\u00e7a exemplos de lutas de f\u00e9 que estimulem a f\u00e9 nas lutas, tendo em vista a resist\u00eancia e a oposi\u00e7\u00e3o \u00e0s diversas formas de opress\u00e3o.<\/p>\n<h2 style=\"text-align: center;\" align=\"justify\">Produ\u00e7\u00f5es relativas \u00e0 oferta 2021-1<\/h2>\n<p><a href=\"https:\/\/memolutas.univasf.edu.br\/wp-content\/uploads\/2022\/05\/Entrevista-com-Noene-versao-corrigida.docx\">Entrevista com Noene Pereira Ara\u00fajo<\/a><\/p>\n<p><a href=\"https:\/\/memolutas.univasf.edu.br\/wp-content\/uploads\/2022\/05\/Entrevista-com-Moises.docx\">Entrevista com Mois\u00e9s Diniz de Almeida<\/a><\/p>\n<p>&nbsp;<\/p>\n<p>&nbsp;<\/p>\n","protected":false},"excerpt":{"rendered":"<p>No contexto de nossos interesses, pretendemos abordar exemplos de f\u00e9 que tenham fomentado e potencializado lutas contra todas as formas de opress\u00e3o. Na contram\u00e3o de explica\u00e7\u00f5es que reduzem as experi\u00eancias religiosas \u00e0 in\u00e9rcia pol\u00edtica, \u00e0 interioridade pessoal, \u00e0 escassez cr\u00edtica e \u00e0 obsolesc\u00eancia dogm\u00e1tica, vamos priorizar mem\u00f3rias, fotografias, documentos, literatura e quaisquer materiais que permitam &hellip; <\/p>\n<p class=\"link-more\"><a href=\"https:\/\/memolutas.univasf.edu.br\/index.php\/experiencias-religiosas\/\" class=\"more-link\">Continue lendo<span class=\"screen-reader-text\"> &#8220;Experi\u00eancias religiosas e lutas por direitos (Delcides Marques)&#8221;<\/span><\/a><\/p>\n","protected":false},"author":1,"featured_media":0,"parent":0,"menu_order":0,"comment_status":"closed","ping_status":"closed","template":"","meta":{"footnotes":""},"_links":{"self":[{"href":"https:\/\/memolutas.univasf.edu.br\/index.php\/wp-json\/wp\/v2\/pages\/234"}],"collection":[{"href":"https:\/\/memolutas.univasf.edu.br\/index.php\/wp-json\/wp\/v2\/pages"}],"about":[{"href":"https:\/\/memolutas.univasf.edu.br\/index.php\/wp-json\/wp\/v2\/types\/page"}],"author":[{"embeddable":true,"href":"https:\/\/memolutas.univasf.edu.br\/index.php\/wp-json\/wp\/v2\/users\/1"}],"replies":[{"embeddable":true,"href":"https:\/\/memolutas.univasf.edu.br\/index.php\/wp-json\/wp\/v2\/comments?post=234"}],"version-history":[{"count":14,"href":"https:\/\/memolutas.univasf.edu.br\/index.php\/wp-json\/wp\/v2\/pages\/234\/revisions"}],"predecessor-version":[{"id":387,"href":"https:\/\/memolutas.univasf.edu.br\/index.php\/wp-json\/wp\/v2\/pages\/234\/revisions\/387"}],"wp:attachment":[{"href":"https:\/\/memolutas.univasf.edu.br\/index.php\/wp-json\/wp\/v2\/media?parent=234"}],"curies":[{"name":"wp","href":"https:\/\/api.w.org\/{rel}","templated":true}]}}

Experiências religiosas e lutas por direitos (Delcides Marques)

<p align="justify">No contexto de nossos interesses, pretendemos abordar exemplos de fé que tenham fomentado e potencializado lutas contra todas as formas de opressão. Na contramão de explicações que reduzem as experiências religiosas à inércia política, à interioridade pessoal, à escassez crítica e à obsolescência dogmática, vamos priorizar memórias, fotografias, documentos, literatura e quaisquer materiais que permitam acessar articulações entre a fé e a luta por direitos (moradia, trabalho, educação, convivência, raça, cultura, terra, gênero, identidade etc.). Como pretendemos colaborar com a produção de uma cartografia que contemple o encadeamento entre religião e enfrentamento no Vale do Submédio São Francisco, é preciso indicar os recortes temáticos prioritários, que estão organizados em quatro objetivos: (1) abordar os impactos da teologia da libertação e do bispado de Dom José Rodrigues a partir de 1975, em Juazeiro-BA; (2) inventariar vivências protestantes de combate às sujeições extenuantes &#8211; vivências comumente invisibilizadas, devido ao destaque dado aos casos negativos que parecem predominar; (3) analisar experiências e debates sobre tolerância e intolerância no Vale, o que permite rediscutir criticamente noções como fundamentalismo, diálogo inter-religioso, violência, fanatismo e respeito; e (4) compreender as estratégias de resistência, insistência e sobrevivência das religiões afro-brasileiras diante de perseguições e preconceitos sofridos (ontem e hoje). Considerando os desdobramentos de nossas temáticas e produções em termos de pesquisa acadêmica e extensão universitária, esperamos contribuir para a constituição de um acervo que ofereça exemplos de lutas de fé que estimulem a fé nas lutas, tendo em vista a resistência e a oposição às diversas formas de opressão.</p>
<h2 style="text-align: center;" align="justify">Produções relativas à oferta 2021-1</h2>
<p><a href="https://memolutas.univasf.edu.br/wp-content/uploads/2022/05/Entrevista-com-Noene-versao-corrigida.docx">Entrevista com Noene Pereira Araújo</a></p>
<p><a href="https://memolutas.univasf.edu.br/wp-content/uploads/2022/05/Entrevista-com-Moises.docx">Entrevista com Moisés Diniz de Almeida</a></p>
<p>&nbsp;</p>
<p>&nbsp;</p>

<p>No contexto de nossos interesses, pretendemos abordar exemplos de fé que tenham fomentado e potencializado lutas contra todas as formas de opressão. Na contramão de explicações que reduzem as experiências religiosas à inércia política, à interioridade pessoal, à escassez crítica e à obsolescência dogmática, vamos priorizar memórias, fotografias, documentos, literatura e quaisquer materiais que permitam &hellip; </p>
<p class="link-more"><a href="https://memolutas.univasf.edu.br/index.php/experiencias-religiosas/" class="more-link">Continue lendo<span class="screen-reader-text"> &#8220;Experiências religiosas e lutas por direitos (Delcides Marques)&#8221;</span></a></p>
